.
2, 3, 23
Let t(p) be the first derivative of 9*p**4/2 + 3*p + 7. What are the prime factors of t(2)?
3, 7
Let z be 7 + 1 + (-16)/16. Suppose 2*m - z = 17. List the prime factors of m.
2, 3
Let k be (72/(-45))/((-2)/5). Let s be 3/k - (-336)/64. Let r(b) = b**3 - 7*b**2 + 7*b - 3. List the prime factors of r(s).
3
Let y(j) = 2*j**2 + 83*j - 191. What are the prime factors of y(28)?
3701
Let m = -1650 - -2804. List the prime factors of m.
2, 577
Let z = -16 + 242. What are the prime factors of z?
2, 113
Let q(i) = -57*i + 39. Let f = -108 + 103. List the prime factors of q(f).
2, 3
Suppose 2*a - 13 = -3. Suppose 0 = a*x - 34 - 11. What are the prime factors of x?
3
Let r(j) = 4*j - 5. Let c(a) = -a - 1. Let k(f) = 3*c(f) + r(f). Let p be k(5). Let t(q) = -q**3 - q**2 - q - 1. List the prime factors of t(p).
2, 5
Suppose -7*h + 13488 = 930. List the prime factors of h.
2, 3, 13, 23
Let c(k) = -5*k - 22. Let r be c(9). What are the prime factors of (r - 5)*9/(-12)?
2, 3
Let x(k) = -8*k**3 - 6*k**2 + 3*k - 3. Let f(h) = -h**3 - h**2. Let d(g) = 5*f(g) - x(g). Let s = 5 - 3. List the prime factors of d(s).
5
Let w be 0 + (-11 - -12 - 39*1). Suppose 5*u + 43 = -57. Let i = u - w. List the prime factors of i.
2, 3
Let q = -124 + 128. Suppose -3*f + 2*m = 110 - 321, 0 = -2*m - q. List the prime factors of f.
3, 23
Let d(c) = -4*c - 4. Let n be d(-2). Suppose n*m + 11 = 19. What are the prime factors of m?
2
Suppose 4*g - 3*g + 4*j - 11328 = 0, 0 = -j. What are the prime factors of (g/160)/(((-9)/(-10))/3)?
2, 59
Let a(c) = 17*c + 15. Let b be a(9). Suppose -328 = -2*t - b. What are the prime factors of t?
2, 5
What are the prime factors of 699*-3*41/(-123)?
3, 233
Let m(a) = -a - 3. Let n be m(-6). Suppose 2*o = 4*z + 130, 0*o + 238 = 4*o + n*z. List the prime factors of o.
61
Suppose 21*k - 178 = 32. What are the prime factors of k?
2, 5
Let g = -1455 - -2152. List the prime factors of g.
17, 41
Let h be 0/(-4 + 2)*1. Let x(w) = 0 + 3 - 2 - w + h. List the prime factors of x(-6).
7
Let i be ((-11)/(-33))/(-2 - 1838/(-918)). Let p = i - 37. What are the prime factors of p?
2, 29
Let i = -1683 - -3021. What are the prime factors of i?
2, 3, 223
Let h = -88 - -117. Suppose -o + h = -57. What are the prime factors of o?
2, 43
Suppose u + 4*r = 542, 7*r - 2*r = u - 578. List the prime factors of u.
2, 3, 31
Let v(k) = 3*k**2 + 18*k - 18. What are the prime factors of v(-15)?
3, 43
Suppose 6534 = -20*y + 35034. List the prime factors of y.
3, 5, 19
Let n = 71 - 65. List the prime factors of 4/n + 2/((-12)/(-866)).
5, 29
Let j(q) = 4*q**2 + 6*q - 3. Let z be j(-4). Let d(m) = 3*m**2 - 3*m + 6. Let l be d(3). Let n = z - l. What are the prime factors of n?
13
Let x = 28 + -35. Let a = x - -8. Let z = a + 54. What are the prime factors of z?
5, 11
Let g(j) = -4*j + j - 10*j**2 + 4*j**2 - j**3 - 8. Suppose -10 = 5*v + 20. What are the prime factors of g(v)?
2, 5
List the prime factors of ((-1)/(-3))/(37/26973).
3
Suppose 0 = -f + 2*q - 1, 3*f + 5*q - 7 = f. Let b(l) = -l**3 + 2*l**2 - l. Let p be b(f). List the prime factors of 38 + -2 + 3 + p.
3, 13
Let j(g) = -g**3 - 17*g**2 - 15*g + 22. Let i be j(-16). Suppose 0 = -q + 4, k - 3*q - 74 = -i*q. List the prime factors of k.
2, 31
Let n(k) = k**2 - 6*k - 3. Suppose 2*j - 21 = -7. Let w be n(j). Suppose p - 12 = -w. What are the prime factors of p?
2
What are the prime factors of (-1811358)/(-824) + (2 - (-26)/(-8))?
13
Let i = 146 - 336. Let a be i/(-25) - (-2)/5. Let j = a + 23. List the prime factors of j.
31
Let q = 114 + -115. What are the prime factors of q/(9/(-1896)) - 12/(-36)?
211
Let g(c) be the third derivative of c**4/24 + 7*c**3/2 - 4*c**2. Let b be g(-9). Let p = b + 6. What are the prime factors of p?
2, 3
Let u(h) = h**3 + 5*h**2 + h - 7. Let f be u(-3). Suppose 2*v + 48 = f*v. List the prime factors of v.
2
Let i(m) = -5*m**3 + 2*m + 1. Let j be i(2). Suppose 4*c + 10 = t - 13, -2*c - 3*t = 15. Let w = c - j. List the prime factors of w.
29
Let o = -54 - -50. Let a(l) = 9*l**2 + 4*l - 3. What are the prime factors of a(o)?
5
Suppose 5*y - 277 = -3*w + 56, 5*y - 545 = -5*w. Suppose -x + w = x. List the prime factors of x.
53
Suppose 6*m = 2*m + 1232. Suppose 24*d + m = 28*d. What are the prime factors of d?
7, 11
Let h(r) be the first derivative of 10*r**3/3 + r**2/2 + 2*r - 14. List the prime factors of h(3).
5, 19
Let i be (38 - 4/(-1)) + 3. Suppose 0 = -3*j - i + 240. List the prime factors of j.
5, 13
Suppose a - 5*k = -352 + 1246, a - 3*k = 886. List the prime factors of a.
2, 19, 23
List the prime factors of -4 + (-3)/9*-3 - -18.
3, 5
Let k = -18 + -2. Let v be ((-10)/k)/((-2)/(-32)). List the prime factors of v/6 - 2955/(-45).
67
Suppose 0 = 3*f - 5591 - 4915. List the prime factors of f.
2, 17, 103
Let t be ((-54)/45)/((-3)/10). Suppose -22 = -p + 5*n, p = t*p - n - 52. List the prime factors of p.
17
Let l(v) = 3*v**2 + 3*v - 5. Suppose 0 = j + 4*w + 1, 2*w + w - 18 = 3*j. List the prime factors of l(j).
5, 11
Let h(r) = -2*r**2 - 10*r - 3. Let f be h(-5). List the prime factors of f/(-1) - 684/(-9).
79
Suppose -3*x = -5*w - 193, -4*w + x + 0*x - 160 = 0. Let t = 89 + w. Suppose -2*v + t = 2*v. List the prime factors of v.
2, 3
Let b = 40 - 35. Suppose -2*l + l + 15 = -j, 3*l - 10 = -4*j. What are the prime factors of 238/l - (-1)/b?
2, 3
What are the prime factors of 12*5/(-15) - 1489*-1?
3, 5, 11
List the prime factors of 610 + (-48)/(7 - 13).
2, 3, 103
Suppose 0*b = 5*b - 3*s + 67, -b + 5*s = 31. Let j(m) = 2*m**2 + 5*m - 20. What are the prime factors of j(b)?
167
Let x(z) = 2*z**2 - 44*z - 798. What are the prime factors of x(54)?
2, 3, 443
Let f = -213 - -238. Let p = -3 - 16. Let b = p + f. What are the prime factors of b?
2, 3
Suppose -3*b = 2*b - 525. List the prime factors of b.
3, 5, 7
Suppose 2*p - 42 = 5*p. Let j = -10 - p. Suppose 18 = j*x - 90. What are the prime factors of x?
3
Let y(x) = 78*x**2 - 5*x - 4. Let s(c) = c - 5. Let o be s(4). List the prime factors of y(o).
79
Let p(f) = -1674*f**3 + 3*f**2 + 8*f + 7. List the prime factors of p(-1).
2, 419
Suppose 15*f - 225744 = -33*f. What are the prime factors of f?
4703
Let z = -21 - -95. Suppose 0 = 5*o - 10, -2*o + z = 2*k + 2*o. What are the prime factors of k?
3, 11
List the prime factors of -137*(3 - 6)/3.
137
Let m(g) = -4 - 11 + 16. Let f(j) = -j**3 - 7. Let a(b) = -f(b) + 3*m(b). What are the prime factors of a(0)?
2, 5
Let u(o) = -o + 2. Let y be u(3). List the prime factors of -3 + y - (-83 - -1).
2, 3, 13
Let g(c) = -2*c + 2. Let n be g(6). Let t(z) = -z**3 - 10*z**2 - 4*z - 9. What are the prime factors of t(n)?
31
Let n = 9 - 9. Suppose n = 2*x - 6*x. Suppose s + 0*s - 36 = x. List the prime factors of s.
2, 3
Suppose 2*o + 974 = -3*f, 3*o = f - 0*f - 1472. Let w = -279 - o. What are the prime factors of w?
211
Let b be (-1*(-1)/1 + 0)*122. Suppose -5*o = -43 - b. What are the prime factors of o?
3, 11
Let m = 8086 + -5370. What are the prime factors of m?
2, 7, 97
Let o be 5 - 10*(-498)/12. Let x = o - 271. List the prime factors of x.
149
Let f(c) = 4*c**2 - 5*c - 3. Let o = 4 + -7. What are the prime factors of f(o)?
2, 3
Suppose 0 = 12*g + 2 - 62. Suppose 220 + 45 = g*t. What are the prime factors of t?
53
Let w = 0 + 4693. What are the prime factors of w?
13, 19
Let v be 7/4 + 27/(-36). Let t be 273/52 + v/(-4). Suppose -4*y = -3*u - 71, -y - t*u + 40 - 5 = 0. What are the prime factors of y?
2, 5
Let a(b) = b**2 - 51*b + 418. What are the prime factors of a(-34)?
2, 827
Suppose 0 = -3*q + 3 - 12, 0 = d - 3*q - 14. Suppose s - d*s = z - 18, 5*z + 2*s = 36. What are the prime factors of z?
2, 3
Let l = -225 - -342. List the prime factors of l.
3, 13
Suppose 3*k + 31 + 2 = 3*r, -3*r = -5*k - 25. Let q(z) = -4*z + 7*z - r + 6. List the prime factors of q(7).
2, 3
Let f(t) = -t + 14. Let u(a) = 2*a - 13. Let m(j) = 3*f(j) + 2*u(j). Let k be m(-14). Suppose x = 5*x - 8, -16 = -2*v + k*x. What are the prime factors of v?
2, 5
Suppose -x + 917 + 1017 = 0. List the prime factors of x.
2, 967
Let u be ((-21)/28)/(3/(-12)). Suppose -q - 5*p = -46, 0 = u*q - p + 3*p - 125. List the prime factors of q.
41
Let r = -3664 - -6764. What are the prime factors of r?
2, 5, 31
Let n = -1099 - -2017. List the prime